{"id":95,"date":"2016-08-31T19:46:00","date_gmt":"2016-08-31T19:46:00","guid":{"rendered":"http:\/\/flexnets.ceng.metu.edu.tr\/?page_id=95"},"modified":"2021-03-31T13:49:31","modified_gmt":"2021-03-31T13:49:31","slug":"tpc-members","status":"publish","type":"page","link":"https:\/\/flexnets.ceng.metu.edu.tr\/?page_id=95","title":{"rendered":"TPC Members"},"content":{"rendered":"\n<ul><li>Alberto Perotti, Huawei, Sweden<\/li><li>Ali \u00d6zg\u00fcr Y\u0131lmaz, Anketek, METU, Turkey<\/li><li>Aziz Can Y\u00fccet\u00fcrk, Vodafone, Turkey<\/li><li>Burkhard Stiller, University of Zurich, Switzerland<\/li><li>Chrysa Papagianni, University of Amsterdam, The Netherlands<\/li><li>Elena Lopez, Univesitat Politecnica de Catalunya, Spain<\/li><li>Klaus Moessner, University of Surrey, United Kingdom<\/li><li>Laurent Clavier, IMT Lille Douai, France<\/li><li>Marcelo Carvalho, University of Bras\u00edlia, Brazil<\/li><li>Massimo Condoluci, Ericsson Research, Sweden<\/li><li>Panagiotis Demestichas, University of Piraeus, Greece<\/li><li>Panagiotis Vlacheas, WINGS ICT Solutions, Greece<\/li><li>Quentin De Coninc, UCLouvain, Belgium<\/li><li>Samir Das, Stony Brook University, SUNY, USA<\/li><li>Vasilis Maglaris, National Technical University of Athens (NTUA), Greece<\/li><\/ul>\n","protected":false},"excerpt":{"rendered":"<p>Alberto Perotti, Huawei, Sweden Ali \u00d6zg\u00fcr Y\u0131lmaz, Anketek, METU, Turkey Aziz Can Y\u00fccet\u00fcrk, Vodafone, Turkey Burkhard Stiller, University of Zurich, Switzerland Chrysa Papagianni, University of Amsterdam, The Netherlands Elena Lopez, Univesitat Politecnica de Catalunya, Spain Klaus Moessner, University of Surrey, United Kingdom Laurent Clavier, IMT Lille Douai, France Marcelo Carvalho, University of Bras\u00edlia, Brazil Massimo &#8230; <a title=\"TPC Members\" class=\"read-more\" href=\"https:\/\/flexnets.ceng.metu.edu.tr\/?page_id=95\" aria-label=\"More on TPC Members\">Read more<\/a><\/p>\n","protected":false},"author":1,"featured_media":0,"parent":0,"menu_order":0,"comment_status":"closed","ping_status":"closed","template":"","meta":[],"_links":{"self":[{"href":"https:\/\/flexnets.ceng.metu.edu.tr\/index.php?rest_route=\/wp\/v2\/pages\/95"}],"collection":[{"href":"https:\/\/flexnets.ceng.metu.edu.tr\/index.php?rest_route=\/wp\/v2\/pages"}],"about":[{"href":"https:\/\/flexnets.ceng.metu.edu.tr\/index.php?rest_route=\/wp\/v2\/types\/page"}],"author":[{"embeddable":true,"href":"https:\/\/flexnets.ceng.metu.edu.tr\/index.php?rest_route=\/wp\/v2\/users\/1"}],"replies":[{"embeddable":true,"href":"https:\/\/flexnets.ceng.metu.edu.tr\/index.php?rest_route=%2Fwp%2Fv2%2Fcomments&post=95"}],"version-history":[{"count":19,"href":"https:\/\/flexnets.ceng.metu.edu.tr\/index.php?rest_route=\/wp\/v2\/pages\/95\/revisions"}],"predecessor-version":[{"id":433,"href":"https:\/\/flexnets.ceng.metu.edu.tr\/index.php?rest_route=\/wp\/v2\/pages\/95\/revisions\/433"}],"wp:attachment":[{"href":"https:\/\/flexnets.ceng.metu.edu.tr\/index.php?rest_route=%2Fwp%2Fv2%2Fmedia&parent=95"}],"curies":[{"name":"wp","href":"https:\/\/api.w.org\/{rel}","templated":true}]}}